 the greatest common divisor of 10830 and 243314.
722
What is the greatest common factor of 2394 and 4186?
14
What is the greatest common factor of 616 and 627?
11
Calculate the highest common factor of 11 and 734239.
11
What is the highest common divisor of 3272 and 4948900?
1636
Calculate the greatest common divisor of 12624 and 8679.
789
What is the highest common factor of 27040 and 1440?
160
What is the highest common divisor of 189886 and 1578?
526
Calculate the greatest common factor of 5585 and 790.
5
What is the highest common divisor of 1756752 and 48?
48
What is the highest common factor of 1971924 and 404?
404
What is the greatest common divisor of 696 and 292639?
29
Calculate the highest common divisor of 195 and 555.
15
Calculate the highest common divisor of 178946 and 393.
131
What is the highest common divisor of 110 and 5830?
110
Calculate the highest common divisor of 98931 and 784.
49
What is the greatest common divisor of 96 and 14484?
12
Calculate the greatest common divisor of 44370 and 144.
18
Calculate the greatest common divisor of 256 and 169728.
256
Calculate the highest common factor of 1078 and 37114.
154
Calculate the greatest common factor of 2040 and 10506.
102
What is the greatest common factor of 93392 and 5564?
52
What is the highest common factor of 131502 and 63?
21
Calculate the greatest common factor of 49410 and 120.
30
What is the highest common divisor of 420 and 2007348?
84
What is the highest common factor of 11770 and 165?
55
What is the greatest common factor of 16108 and 24?
4
What is the highest common factor of 144 and 161334?
18
Calculate the highest common divisor of 150049 and 2534.
181
Calculate the greatest common factor of 524020 and 20.
20
What is the greatest common factor of 26 and 7955974?
26
What is the highest common factor of 2231 and 4850?
97
What is the greatest common divisor of 7038 and 2550?
102
Calculate the highest common divisor of 118 and 180658.
118
What is the greatest common divisor of 15510 and 1457?
47
What is the greatest common divisor of 870926 and 196?
98
What is the highest common divisor of 19061 and 29792?
49
What is the highest common factor of 4820 and 579364?
964
What is the greatest common divisor of 1122 and 191532?
66
What is the greatest common factor of 41732 and 8?
4
What is the greatest common factor of 9088 and 2059?
71
Calculate the greatest common factor of 410641 and 231.
77
Calculate the greatest common factor of 11 and 120164.
11
What is the greatest common divisor of 155 and 4034960?
155
What is the highest common factor of 111965 and 2205?
245
Calculate the highest common divisor of 26091 and 8749.
13
What is the greatest common divisor of 400370 and 20?
10
What is the highest common divisor of 1115 and 10?
5
Calculate the highest common divisor of 120 and 28488.
24
Calculate the greatest common factor of 12 and 799962.
6
What is the greatest common divisor of 72036 and 60?
12
Calculate the greatest common factor of 279 and 1508553.
279
Calculate the highest common factor of 588 and 972.
12
What is the highest common factor of 103 and 224437?
103
What is the greatest common factor of 157138 and 4?
2
What is the highest common factor of 519 and 445475?
173
What is the highest common divisor of 80178 and 24150?
966
What is the greatest common factor of 21037 and 1744?
109
What is the highest common divisor of 2527 and 259?
7
What is the highest common divisor of 1662614 and 38?
38
What is the highest common factor of 10126 and 671?
61
Calculate the greatest common divisor of 360 and 17060.
20
What is the highest common divisor of 8220 and 1308?
12
Calculate the highest common factor of 6 and 33486.
6
Calculate the highest common factor of 1005137 and 637.
49
What is the highest common divisor of 1250 and 1310?
10
Calculate the highest common divisor of 308 and 39644.
44
What is the greatest common divisor of 2176465 and 1055?
1055
What is the greatest common divisor of 166 and 6708973?
83
What is the greatest common divisor of 3277 and 551?
29
Calculate the highest common factor of 1900 and 174100.
100
Calculate the greatest common divisor of 7570101 and 66.
33
Calculate the highest common factor of 1020 and 15929.
17
Calculate the highest common divisor of 372115 and 3135.
95
What is the greatest common factor of 1854873 and 54?
27
What is the greatest common divisor of 208201 and 2428?
607
What is the greatest common factor of 3732 and 3778028?
1244
What is the highest common divisor of 589 and 44547?
31
What is the greatest common factor of 12 and 11502?
6
Calculate the highest common factor of 337 and 24.
1
Calculate the highest common divisor of 38 and 222946.
38
Calculate the greatest common divisor of 315880 and 2235.
745
What is the greatest common factor of 15873 and 2035?
407
Calculate the greatest common factor of 12259 and 9594.
533
What is the greatest common divisor of 1 and 32875?
1
Calculate the highest common divisor of 8 and 2056.
8
What is the greatest common factor of 252 and 81072?
36
Calculate the highest common divisor of 101516 and 164.
164
What is the greatest common factor of 38 and 42503?
19
Calculate the greatest common divisor of 50639 and 553.
79
Calculate the greatest common divisor of 2538 and 531.
9
Calculate the greatest common divisor of 60345 and 4290.
15
What is the greatest common factor of 120342 and 4092?
186
What is the highest common factor of 468 and 18756?
36
What is the highest common divisor of 8870 and 3890?
10
What is the greatest common factor of 11313 and 7587?
27
Calculate the highest common factor of 552 and 2645.
23
What is the highest common factor of 16683 and 5159?
67
What is the highest common divisor of 790 and 316?
158
Calculate the highest common divisor of 96248 and 3604.
212
What is the highest common factor of 21508 and 23484?
76
Calculate the highest common divisor of 6697 and 703.
37
Calculate the highest common factor of 4842 and 33.
3
Calculate the greatest common factor of 8132 and 152.
76
Calculate the highest common factor of 192038 and 28.
14
What is the highest common factor of 2900 and 180?
20
Calculate the greatest common factor of 7 and 1427377.
7
What is the highest common divisor of 2165 and 1208936?
433
Calculate the highest common factor of 504 and 5897304.
504
Calculate the highest common factor of 737954 and 14.
14
Calculate the greatest common divisor of 68 and 17884.
68
What is the greatest common factor of 20852 and 156?
52
Calculate the greatest common factor of 35674 and 2.
2
Calculate the highest common divisor of 13122 and 24.
6
What is the greatest common factor of 30 and 115305?
15
Calculate the highest common divisor of 4212948 and 12.
12
What is the highest common factor of 2310 and 136710?
210
What is the greatest common divisor of 48 and 18072?
24
What is the highest common divisor of 108 and 8532?
108
What is the greatest common factor of 203104 and 88?
88
Calculate the greatest common divisor of 2562 and 763842.
366
Calculate the highest common divisor of 83375 and 17375.
125
Calculate the greatest common divisor of 26394 and 2544.
318
Calculate the greatest common divisor of 9372 and 55.
11
Calculate the greatest common divisor of 1224584 and 8.
8
Calculate the highest common divisor of 290 and 128702.
58
What is the highest common factor of 714 and 85204?
238
Calculate the greatest common divisor of 3289 and 91793.
299
What is the highest common divisor of 158368 and 101?
101
What is the highest common factor of 2631 and 85946?
877
Calculate the greatest common divisor of 29870 and 1648.
206
What is the highest common divisor of 1106 and 7812?
14
Calculate the highest common divisor of 1317 and 103165.
439
What is the highest common factor of 12 and 26934?
6
Calculate the greatest common divisor of 5 and 7812655.
5
Calculate the highest common divisor of 448 and 2792.
8
What is the greatest common factor of 2497 and 29737?
227
Calculate the greatest common divisor of 24192 and 2961.
63
What is the greatest common factor of 38404 and 74?
2
Calculate the highest common divisor of 2948 and 341.
11
What is the greatest common divisor of 174150 and 860?
430
What is the highest common factor of 283480 and 8?
8
Calculate the highest common factor of 1